2*q + 202, 4 = -2*q. Let c be 2/(-5)*(i + p). Calculate the highest common factor of c and 4.
4
Suppose s + 4*z - 7 = -4, 2*s - 2*z = 46. Suppose s*b - 70 = 12*b. Calculate the highest common divisor of 65 and b.
5
Let d = 1126 + 550. Let u be d*4/64 + 1/4. What is the greatest common factor of 30 and u?
15
Suppose 3*s - 5*g + 126 = 0, -4*s - g + 2*g = 168. Suppose 3*w = 5*w + 82. Let j = w - s. What is the greatest common factor of j and 4?
1
Let c be (13 + 2 + -1)*1. Let l(u) = 35*u + 45*u**2 + 9 - 48*u**2 - 29*u**2 - u**3 + 155. Let d be l(-33). Calculate the highest common factor of d and c.
14
Let y = 5133 - 4844. Calculate the greatest common divisor of y and 1.
1
Suppose 888 = 5*x - 2*g, 2*x - 3*g - 194 = 170. Suppose 0 = -3*s - 2*p + 93, 2*p = -49*s + 45*s + 126. Calculate the highest common factor of x and s.
11
Suppose -5*w + 34 + 86 = -5*o, -4*o + 44 = 3*w. Suppose a - j = -34 - 41, -4*a + 5*j = 305. Let z = 210 + a. What is the greatest common divisor of w and z?
20
Let q(f) = -9*f**3 - 6*f**2 + 30*f + 124. Let l be q(-8). Calculate the greatest common factor of 52 and l.
52
Let i = -3012 - -3078. Calculate the highest common divisor of i and 99.
33
Let h(y) = -181*y + 738. Let z be h(4). Calculate the highest common factor of 434 and z.
14
Let j(m) = -3 + m**3 - 14*m + 4*m**2 - 5 + 4. Let t be j(-6). Let f(y) = -y**2 + 10*y - 12. Let z be f(8). Calculate the greatest common divisor of z and t.
4
Let x(i) = i**2 + 9. Let l be x(5). Let t be 17/(l/4) + 122. Calculate the highest common divisor of 310 and t.
62
Let s = 13 + -19. Let o be (-110)/s - 5/15. Let c(l) = 2*l + 35. Let a be c(5). What is the greatest common divisor of a and o?
9
Suppose -294*y - 4398943 = -13657885. What is the greatest common factor of 22 and y?
11
Let n = -8844 + 19014. Calculate the highest common divisor of 36 and n.
18
Suppose -3*j + 2*o = -246 + 95, 3*j = -5*o + 179. Calculate the greatest common factor of j and 3922.
53
Suppose -3*s - 21 = -156. Suppose 21*c + 797 = -4390. Let u = c - -257. Calculate the greatest common factor of u and s.
5
Let l = 28 + -17. Suppose -5 - l = -2*h. Suppose -p + 5 = -2*v + h, -5 = 5*p. Calculate the greatest common factor of v and 3.
1
Let f(p) = p**3 - p**2. Let u be f(0). Let k be (0 + -2)/(u - 4/16). What is the highest common factor of k and 36?
4
Let n = 14025 - 13540. Calculate the highest common factor of n and 1067.
97
Suppose 3996 = 3*i - 24*p, 5*i + 3*p = 10*i - 6771. What is the highest common factor of 18 and i?
6
Let g = 33383 - 16740. Calculate the highest common factor of g and 187.
187
Let j = -40 + -92. Let x be (j/(-21))/(4/98). Calculate the greatest common divisor of 231 and x.
77
Suppose 38*h + 8 = 39*h. Suppose 0 = -12*v + h*v + 160. Let t = 22 - 6. What is the highest common factor of t and v?
8
Let x be 10*((-30)/16)/(17/(-340)). What is the highest common divisor of 600 and x?
75
Suppose 20*r + 12 = 17*r. Let i be r/6*3 + 12 + 4. Let m(h) = -h - 4. Let q be m(-6). Calculate the highest common divisor of i and q.
2
Let h be ((-4)/5)/(14/70). Let u(m) = m + 7. Let z be u(h). Suppose 0 = 5*o - 2*t - 28, -8 = -5*t - z. Calculate the greatest common divisor of o and 12.
6
Suppose -5*a + 199 = -2*j, 2*a = -26*j + 23*j + 53. Let t be -5*(0 - (-11)/(-1)). Let s = t - a. What is the highest common factor of s and 18?
18
Let v(s) = 103*s - 2125. Let t be v(22). Calculate the highest common divisor of t and 93.
3
Suppose 2*l = -5*f + 4256, f - 1959 = -5*l - 1094. What is the greatest common divisor of 10 and f?
10
Let z(d) = d**2 + 24*d + 33. Let u be z(-16). Let n = u - -100. Let i be (-9)/(-2) + (-2)/(-4). Calculate the greatest common divisor of n and i.
5
Let d = -408 + 101. Let h = d - -355. Calculate the greatest common divisor of 24 and h.
24
Let l(i) = -i**2 - 4*i + 5. Let s be l(1). Suppose r - 21 + 1 = s. Calculate the highest common factor of 40 and r.
20
Suppose 3102*v - 3049*v = 7155. What is the highest common divisor of 5535 and v?
135
Suppose -3*x - 250 = -8*x. Let b(y) = -y**2 + 33*y - 152. Let c be b(26). What is the highest common factor of x and c?
10
Suppose 4*f + 115 = v + 37, 5*f = -v + 51. Let l(w) = w**2 - 15*w - 160. Let d be l(23). Calculate the greatest common factor of d and v.
6
Suppose 577*g = 250*g + 6540. Let l be 4/(-6) + (-1622)/(-3). What is the greatest common factor of g and l?
20
Let x(z) = -3*z - 12. Let b = 26 - 38. Let w be x(b). Suppose -66*q = -69*q + w. What is the greatest common factor of q and 40?
8
Let j be -4 - (-117)/30 - (-4353)/30. What is the highest common factor of 16385 and j?
145
Let q(a) = a**3 - 12*a**2 + 3*a - 16. Let i be q(14). Suppose 4*m - i - 14 = 0. Calculate the greatest common factor of m and 12.
12
Let p be (168/72)/((-14)/(-36)) + 1*9. What is the greatest common factor of p and 18?
3
Let i be ((-16)/3 - -2)/(8/(-108)). Let v be (-60)/(-39)*(-156)/(-24). What is the highest common factor of v and i?
5
Suppose 74*d - 79*d + 315 = 0. What is the greatest common factor of 5082 and d?
21
Let b(j) = 2*j**2 - 140*j - 12. Let l be b(74). Calculate the greatest common divisor of l and 2436.
116
Let q be (-5)/(1 + 1 + 11/(-5)). Suppose -831*f - 3625 = -860*f. What is the highest common factor of f and q?
25
Suppose -v - 15 = 3*u, -22 - 73 = 3*v - u. Let y be v/10 + 7/(28/516). Calculate the greatest common factor of y and 27.
9
Let q be ((-16)/(-10))/((-2)/(-30)). Suppose 0 = -5*g + 2*g - 669. Let v = g - -247. Calculate the greatest common divisor of q and v.
24
Suppose -3*w = 549 + 210. Let b = w + 383. What is the greatest common divisor of b and 10?
10
Suppose -12*b + 5238 = 1134. Let u = b + -312. Calculate the highest common factor of 54 and u.
6
Let y = 143 + -19. Suppose 0 = 4*l + 2*g - y, -l - 10*g + 24 = -13*g. Calculate the greatest common divisor of l and 135.
15
Let c(t) = -5*t - 5. Let q be c(-4). Suppose 14*l - 21*l + 28 = 0. Suppose i - 157 = 11*k - 13*k, i - l*k = 181. What is the highest common divisor of q and i?
15
Let l(b) = 80*b - 290. Let v be l(7). What is the highest common factor of 100 and v?
10
Suppose 14*k - 3061 = -401. What is the greatest common divisor of k and 13870?
190
Suppose -45*j = 42*j + 27*j - 187986. Calculate the highest common divisor of 34 and j.
17
Suppose 146*s - 21246 - 8706 = 29*s. What is the highest common divisor of 1520 and s?
16
Let u(b) = -b**3 - 51*b**2 - 335*b - 438. Let m be u(-48). What is the highest common factor of m and 15?
15
Let d be 8/(-100) + (-8864)/(-800). Let r = -527 + 1184. Suppose -c = 5*g - r, -2*g + c + 259 = -8. What is the highest common divisor of d and g?
11
Suppose -8*f = -0*f. Suppose f = -b + 3, 5*g + 2*b - 22 = -6. Suppose 0 = -5*u - 5*r + 95, 0 = 4*r - 2 - g. Calculate the greatest common factor of 9 and u.
9
Let i(o) = 24*o**2 + 23*o - 63. Let l be ((-243)/54)/(6/(-4)). Let f be i(l). Calculate the greatest common factor of 6 and f.
6
Let n(w) = -w**2 - 4*w - 2. Let c be n(-4). Suppose 50*r = 16*r - 68. Let i be (r/c - -1)/((-3)/(-12)). What is the greatest common divisor of i and 2?
2
Let w be (20630/18)/5 - (-28)/(-126). Let n = w + -110. Suppose -2*c - 4*u - u = -29, 2*c + 2*u = 32. What is the highest common factor of n and c?
17
Let i = 22990 - 22966. Suppose -2*h - 20 = -t + 18, -35 = -t + 5*h. What is the highest common factor of i and t?
8
Let h(p) = p**3 + 4*p**2 - 46*p - 119. Let c be h(-7). Calculate the greatest common divisor of 378 and c.
14
Let s = 43 - 27. Suppose 0 = -3*n - 0*g - g + 13, -g - 8 = -4*n. Let d be 36 + -4*n/((-3)/(-1)). What is the greatest common factor of d and s?
16
Let t be 1 - ((-3 - 9/(-9)) + -3105). Calculate the greatest common divisor of t and 336.
84
Let i(b) = -2*b**3 + 40*b**2 - 38*b + 52. Let f be i(19). Calculate the highest common factor of 3068 and f.
52
Suppose 95*y = -30 + 2880. Calculate the highest common divisor of y and 3030.
30
Let r be (-14)/3*(-108)/7. Suppose 2*c + 4*q - 76 = 0, 21*c - 26*c = q - 235. Calculate the highest common divisor of r and c.
24
Let y be ((-892)/(-3))/4 + 2/(-6). Let h be (-888)/30*(6 + -11). What is the greatest common divisor of h and y?
74
Let z be 28/(-98) - (-9818)/14. Suppose -643 = -48*t + z. Let o(i) = -i**2 + 6*i + 2. Let j be o(5). Calculate the highest common factor